x = -5*w + w + 180. What are the prime factors of w?
3, 5
Let p(f) = -f**3 - 5*f**2 + 13*f - 29. List the prime factors of p(-9).
2, 89
Let i(j) = -17*j + 7. Let o be i(-5). Let g be ((-16)/20)/((-1)/5). Suppose -g*n + 4*y = -o, -5 = -n + 3*y + 26. What are the prime factors of n?
19
Let o = 10 + 31. Suppose -4*u - 1 = 3*z - 14, 0 = -5*z + 3*u + o. What are the prime factors of z?
7
Let i(l) = -2*l + 7. Let o be i(4). Let x = 10 - o. Suppose 0 = 2*r - 21 - x. List the prime factors of r.
2
Suppose -9670 - 57 = -5*w + 3*n, n + 3891 = 2*w. What are the prime factors of w?
2, 7, 139
Let l = -224 + 609. List the prime factors of 24/(-14)*l/(-22).
2, 3, 5
Let s(z) = -57*z + 1. Let i = -14 + 13. Let d be i/4 - (-6)/(-8). List the prime factors of s(d).
2, 29
Let u = -20 + 20. Suppose -t + 2*b = -81, 3*b = -u*b. What are the prime factors of t?
3
Suppose 3*q = 5*n - n + 5643, 7524 = 4*q + 5*n. What are the prime factors of q?
3, 11, 19
Let c(b) = 21*b**2 + 5*b. Let g be c(3). Suppose -672 = -3*p - 5*d, -d = p - 6*d - g. List the prime factors of p.
3, 73
Suppose 0 = -6*x - 3*x + 12690. Suppose -s = -7*s + x. What are the prime factors of s?
5, 47
Let j(w) = -18*w + 109. Let q be j(7). Suppose -4*i = 3*l + 10, l - 5*i = 5*l + 13. Let o = l - q. List the prime factors of o.
3, 5
What are the prime factors of (-1 - -739) + (12 - 14)?
2, 23
Let c be (9/6)/(2/292). Suppose -4*g = 3*n + 248 + 37, -3*g = -3*n + c. List the prime factors of (4/(-12))/(4/g).
2, 3
Suppose 3541 = 17*q - 23047. List the prime factors of q.
2, 17, 23
Let g be 3/9*1*375. Let b = g - 36. List the prime factors of b.
89
Let y(v) = 46*v**3 + v**2 - v + 1. Let z(n) = -8*n**2 - n**3 - 11 + 8*n + 0 + 3. Let r be z(-9). What are the prime factors of y(r)?
47
Let z(w) = 5*w**2 - 9*w - 3. Let s be z(3). Suppose 21 = 4*u + 1. Suppose 3*k - 2*k = -t + s, -u*k = -4*t + 87. List the prime factors of t.
2, 3
Let q(j) = -2*j**2 + 8. Let p be q(-4). Let t = p + 34. List the prime factors of (5 + t)*(-12)/(-5).
2, 3
Let k be (-5 - 9)*2/(-4). Suppose 0 = -5*g + 2*b + 71, 55 = 3*g - 2*b + k*b. Suppose 31 = u - g. List the prime factors of u.
2, 23
Suppose -916 = -8*v + 380. List the prime factors of v.
2, 3
Suppose -6 = y - 2*y. Let s(p) = p**3 - 6*p**2 + p + 1. List the prime factors of s(y).
7
Let x(u) = -4*u**3 - 12 + u**2 - 2*u + 7*u**3 - 2*u**3 - 4*u**3. What are the prime factors of x(-3)?
2, 3, 7
Suppose 66746 = 254*z - 208*z. List the prime factors of z.
1451
Let v = 6255 + -3231. Suppose -10*w + v = 2*w. What are the prime factors of w?
2, 3, 7
Suppose 0 = -3*f + 5*p + 1017, 17*f = 20*f - 3*p - 1011. List the prime factors of f.
2, 167
Suppose 208 = 2*z - 0*z. Suppose -4*k + z = -2*k. List the prime factors of k.
2, 13
Suppose 7*t - 212 = 474. List the prime factors of t.
2, 7
Suppose 4*g + 99 = j, 13 = -3*j - 4*g + 294. What are the prime factors of j?
5, 19
Let z(d) = d**3 + d**2 + 3*d + 14. List the prime factors of z(7).
7, 61
Suppose 0 = -5*q + 20, -3*p + 3*q - 82 = 2*p. Let s be p/(-3) + 10/(-15). Suppose -43 = -s*a + 9. What are the prime factors of a?
13
Let p = -973 - -1760. What are the prime factors of p?
787
Let y = 7858 - 5341. What are the prime factors of y?
3, 839
Let u(h) = 17*h + 26. Suppose 0 = -x - 13 + 20. Let p(f) = -25*f - 39. Let c(l) = x*u(l) + 5*p(l). What are the prime factors of c(-7)?
29
Suppose 3900 = 3*a + 2*f, -3*f - 856 = -a + 455. List the prime factors of a.
2, 3, 7, 31
Let p be 37/(-13) + (-2)/13. Let b be (-1133)/(-9) - p/27. Suppose 4*q - q = b. What are the prime factors of q?
2, 3, 7
Let i(k) = -k + 10. Let z be i(7). Suppose -12 = -4*n, z*u + 10 = n - 38. Let l = 13 - u. List the prime factors of l.
2, 7
Let w(y) = -y + 15. Let h be w(10). Suppose 62 + 28 = -h*t. Let z = t + 36. What are the prime factors of z?
2, 3
Let i = -23 - -21. Let f be (2/6)/(i/(-6)). List the prime factors of 2*f + (-60)/(-4).
17
Let u = 72 - -703. List the prime factors of u.
5, 31
What are the prime factors of -32 + 21 + (-2482)/(-1)?
7, 353
What are the prime factors of (6104/14)/(4/6)?
2, 3, 109
Suppose -23843 - 4185 = -13*p. What are the prime factors of p?
2, 7, 11
Suppose -34*v = -9065 - 113199. What are the prime factors of v?
2, 29, 31
Suppose -3340 = -o - 4*q, -9*q = -5*o - 5*q + 16628. What are the prime factors of o?
2, 13
Let d(g) = 2*g**3 - 17*g**2 + 22*g - 195. What are the prime factors of d(12)?
3, 359
Suppose -4*h + 1904 = 4*c, -3*c - 5*h = -299 - 1131. List the prime factors of c.
5, 19
Let y = -2 - -6. Suppose -y*b = -12 + 4. Suppose -b*a - 5*m = -133, -4*m - 221 = -4*a + m. List the prime factors of a.
59
Let l = 44 - 11. Let q(d) = d**3 + 5*d**2 - 7*d - 1. Let i be q(-6). Suppose i*o - l = 4*o. List the prime factors of o.
3, 11
Let j = 125 + -91. What are the prime factors of j?
2, 17
Let k = 490 - 229. Let t = k + -168. List the prime factors of t.
3, 31
Suppose 0 = -2*h - 5*w + 28, -2*h + 3*w = -0 + 4. What are the prime factors of (-35)/(12/40 + (-2)/h)?
5, 7
Let m = 26 + -16. Suppose 4*d = 6*d - m. What are the prime factors of d + 2/(-2) + 34?
2, 19
Suppose -10*h + 13*h = -3417. List the prime factors of (-1 + 0 + 5)*h/(-68).
67
What are the prime factors of (-3 - -82)/((-4)/(-36))?
3, 79
Let p = -438 + 839. What are the prime factors of p?
401
Let j(w) = -w - 25. Let z be j(-24). Let d(p) = 40*p**2 - 5*p - 4. List the prime factors of d(z).
41
Let s(h) = -h**3 - 20*h**2 - 20*h - 22. Let m be s(-19). What are the prime factors of -4*1 - (0 - (m + 157))?
2, 3, 5
Let d = -580 + 901. Let h = -188 + d. List the prime factors of h.
7, 19
Let x(g) = 7*g - 9. Let r(o) = -7*o + 11. Let d(t) = -4*r(t) - 5*x(t). List the prime factors of d(-5).
2, 3
Let r be (-1)/(2/4 - 1). Let a = 2 - r. Suppose a = 5*v + 35 - 220. List the prime factors of v.
37
Let n(g) = -4 - 3 - 6*g**2 + 13*g**2 - g**3 - g. Let f be n(6). Let u = f + -4. What are the prime factors of u?
19
Let t = -975 - -2025. What are the prime factors of t?
2, 3, 5, 7
Let n be 8 + (3 - 7) - 0. List the prime factors of -4*(n - (-4 - -18)).
2, 5
Suppose 0*h + 1607 = 3*r + 5*h, -5*r + 2735 = -3*h. List the prime factors of r.
2, 17
Let n = 4597 + -3024. What are the prime factors of n?
11, 13
Let p(v) = -115*v**3 + 4*v**2 - 3*v - 16. What are the prime factors of p(-2)?
2, 463
Let c = -38 + 71. Suppose c + 7 = 5*j. Suppose -16 = -2*o + j. What are the prime factors of o?
2, 3
Let z(m) = 5*m**3 + 2*m**2 + 8*m - 22. List the prime factors of z(5).
3, 7, 11
Let i = -15 - -31. Let y(m) = -m**3 + 17*m**2 - 15*m - 14. Let w be y(i). Suppose w*b - 87 = 17. What are the prime factors of b?
2, 13
Suppose 4*d = -0*d - 5*o + 41, -5*d = o - 25. Suppose -d*s - 5*z + 2*z = -28, 5*s - z = 16. Suppose -s*k = -0*k - 20. List the prime factors of k.
5
Let t(h) = 636*h**2 - 2*h + 1. What are the prime factors of t(2)?
3, 7, 11
Suppose -7 = -4*u + 25. Suppose -q + 62 = -3*b - u, -4*b + 216 = 4*q. What are the prime factors of q?
2, 29
Suppose -o - l = -3, -2*o + 2*l - 1 = -3. Suppose -5*j - 206 = -o*z, -5*z - j = -569 + 54. What are the prime factors of z?
103
List the prime factors of (-72)/132 + (-45574)/(-22).
19, 109
Let m(x) = -34*x + 1 - 1 - 3*x**2 + 31*x + 6*x**2. Suppose -3*h + 13 = a, 4*a - 2*h - 31 = -7*h. What are the prime factors of m(a)?
2, 3
Let x = 277 - 42. List the prime factors of x.
5, 47
Let w(f) = f**3 + 7*f**2 - 7*f + 11. Let y be w(-8). Let t = 90 - y. What are the prime factors of t?
3, 29
Let y(o) = -o**3 - 11*o**2 + 14*o + 3. Let f be y(-12). Let l = -16 - f. Suppose -3*x - 5*n = -30 - 64, -18 = -x + l*n. What are the prime factors of x?
2, 7
Let k = -496 + 1144. List the prime factors of k.
2, 3
Suppose 0 = 8*y + 461 + 99. Let z = -40 - y. What are the prime factors of z?
2, 3, 5
Suppose -2*i + 5*i - 3 = 0. Let x = -4 + i. What are the prime factors of ((-7)/x)/((-15)/(-135))?
3, 7
Suppose 2*t = -3*x + 1340, -1336 = -3*x + 18*t - 16*t. What are the prime factors of x?
2, 223
Suppose 11*v + 2*b = 7*v + 14918, -5*b = 5*v - 18655. What are the prime factors of v?
2, 233
Let i = 62 + -43. Let u = i + -6. What are the prime factors of u?
13
List the prime factors of 12/(-3) - -10 - (-108 - 7).
11
Let w(d) = -d + 6. Let o be w(6). Suppose 2*i + i + 12 = o. Let a = 5 - i. List the prime factors 